
-132433
23522110 (base 7) to base 13
582175
-1a303b (base 16) to base 14
-329679
Convert bca24 (base 14) to base 10.
457496
1a59898 (base 11) to base 9
6465580
What is 326611 (base 10) in base 8?
1175723
What is 76992 (base 16) in base 4?
1312212102
Convert 434211 (base 7) to base 11.
52039
Convert 1153363 (base 7) to base 16.
240e2
Convert 426020 (base 8) to base 13.
4ca42
-284271 (base 10) to base 12
-118613
-114234311 (base 6) to base 15
-2cbe4a
What is 574c94 (base 15) in base 11?
2397198
What is -243032 (base 7) in base 8?
-126356
Convert -1592180 (base 14) to base 7.
-155562620
Convert -1509882 (base 10) to base 4.
-11300213322
-10101011110011100 (base 2) to base 5
-10303324
-286827 (base 9) to base 2
-101010111000010001
Convert 4708b (base 12) to base 9.
154458
What is 6257591 (base 10) in base 14?
b8c66b
Convert 517b20 (base 12) to base 15.
1a3ca0
-3474116 (base 8) to base 12
-398952
-541d2 (base 15) to base 8
-1011447
What is -111210121 (base 4) in base 14?
-242a5
10011010001011001000 (base 2) to base 16
9a2c8
2962 (base 13) to base 9
8201
What is -1320104 (base 7) in base 10?
-172925
What is 25427755 (base 9) in base 11?
7053051
What is 19b893 (base 12) in base 11?
291438
Convert 222000000 (base 4) to base 15.
35e8c
Convert -133676 (base 13) to base 3.
-212121102022
-110200222121 (base 3) to base 13
-89a67
Convert -49446 (base 15) to base 9.
-385683
Convert -2143440224 (base 5) to base 8.
-21643522
Convert 104424531 (base 7) to base 14.
ba3318
-122101221011 (base 3) to base 16
-53a34
Convert -2d0cb1 (base 14) to base 3.
-2222011000021
Convert -401192 (base 10) to base 7.
-3260441
Convert 1110133 (base 4) to base 12.
3167
Convert -42c784 (base 14) to base 12.
-911414
13012301021 (base 4) to base 5
434101404
Convert 27b085 (base 12) to base 9.
1217882
What is -9abea (base 15) in base 2?
-1111000001000100110
Convert 1236535 (base 7) to base 12.
79077
Convert -4a009b (base 16) to base 14.
-9035d9
-1231875 (base 9) to base 15
-d3ab2
Convert -211200021 (base 3) to base 2.
-100000010010011
What is -3312a5 (base 11) in base 12?
-215bb8
2834388 (base 11) to base 8
22475524
3636b47 (base 13) to base 7
262605511
What is -114736 (base 8) in base 3?
-2000000220
Convert 2287ca (base 14) to base 2.
100011111000110101110
What is 2021122101202 (base 3) in base 7?
13212311
What is 364152 (base 8) in base 13?
44bb0
What is 2222110022121 (base 3) in base 11?
991885
Convert 18a3a9 (base 13) to base 3.
1011121202202
What is d80188 (base 14) in base 15?
992b8b
Convert 217cf (base 16) to base 15.
2a997
Convert -102112010020 (base 3) to base 2.
-110111010111110110
Convert -10100001110001000001 (base 2) to base 10.
-662593
31510310 (base 6) to base 16
e2422
47590 (base 13) to base 14
35837
Convert 1010011101111000101011 (base 2) to base 4.
22131320223
-10013113302 (base 4) to base 7
-12112050
Convert 200212002001122 (base 3) to base 14.
148b92d
Convert -317568 (base 11) to base 6.
-14514514
Convert 1c28c30 (base 14) to base 6.
1221514254
Convert -127c9 (base 16) to base 2.
-10010011111001001
Convert -10540540 (base 6) to base 13.
-b474a
What is 42277 (base 12) in base 5?
10234104
Convert 202233202 (base 4) to base 14.
39c0a
Convert -143a862 (base 12) to base 4.
-33133231022
-303131340 (base 5) to base 11
-766650
Convert -1334aa7 (base 12) to base 13.
-a320c4
What is 5215315 (base 6) in base 11?
16190a
2125596 (base 10) to base 7
24032034
Convert -10332010 (base 4) to base 13.
-935b
80799 (base 13) to base 2
111000000110100101
-143a97 (base 13) to base 5
-111301232
What is 310378 (base 12) in base 8?
2733414
What is -231534 (base 7) in base 11?
-29144
Convert 1103bba (base 13) to base 3.
100210112020221
Convert -64525 (base 8) to base 9.
-40881
-532551 (base 6) to base 9
-65484
What is 8bd6c (base 16) in base 3?
1002002201002
What is 11636512 (base 7) in base 4?
10000232131
Convert -2312135 (base 6) to base 7.
-1002161
Convert 18083 (base 16) to base 12.
48b6b
What is 17271511 (base 8) in base 3?
21120121021220
Convert -26706 (base 13) to base 9.
-118056
What is 541222 (base 9) in base 6?
10524332
Convert -18025a (base 16) to base 7.
-16242236
Convert -1010230113 (base 4) to base 15.
-5857c
What is 2b63d (base 14) in base 8?
323327
Convert -300779 (base 15) to base 12.
-91b406
373979 (base 14) to base 7
22041312
Convert -2a9984 (base 11) to base 2.
-1110101100110001000
-10202002221000 (base 3) to base 9
-3662830
Convert -82d3a3 (base 15) to base 8.
-27566231
-6524 (base 8) to base 4
-311110
What is -1170d6 (base 14) in base 2?
-10010001011010110100
Convert 5153415 (base 9) to base 6.
134550452
What is 22223013 (base 7) in base 13?
5239aa
-7419368 (base 10) to base 13
-16ca078
-1059659 (base 11) to base 8
-7053777
13831763 (base 9) to base 12
2374140
100000101111 (base 3) to base 10
177430
What is 7000044 (base 9) in base 16?
38c3bf
What is 61845 (base 12) in base 14?
345a5
What is -60342 (base 8) in base 12?
-1242a
179ea1 (base 15) to base 10
1147426
-17154a (base 12) to base 6
-12255334
What is 294716 (base 16) in base 5?
1143031144
Convert -1012321343 (base 5) to base 12.
-83ba30
Convert 1422224255 (base 6) to base 10.
17468459
Convert 357d0 (base 14) to base 6.
2444134
What is 20202212202220 (base 3) in base 6?
205052553
1c1ab (base 14) to base 6
1311523
Convert -127656 (base 10) to base 6.
-2423000
Convert -139790 (base 11) to base 4.
-311030223
-20554455 (base 8) to base 7
-52144342
What is bb2ac6 (base 13) in base 15?
5c012a
What is -477340 (base 9) in base 2?
-1000110001100010001
Convert -ab1d (base 14) to base 12.
-15187
9cb984 (base 14) to base 12
1952600
230024 (base 16) to base 5
1041400141
1578ba (base 12) to base 6
11501554
-9840ab (base 14) to base 13
-10b81b3
Convert ea25b8 (base 15) to base 13.
24030cb
Convert 1002121320 (base 4) to base 16.
42678
Convert 100210001202 (base 3) to base 12.
9349b
What is 17366 (base 10) in base 16?
43d6
Convert 965c2a (base 14) to base 13.
1091595
What is 218ac (base 15) in base 3?
12102012200
Convert -365659a (base 12) to base 3.
-201212210121001
Convert -847393 (base 10) to base 8.
-3167041
-10300033 (base 5) to base 10
-87518
-22321000 (base 4) to base 6
-542304
Convert -1221302 (base 6) to base 2.
-1111111001100110
What is 43a70 (base 15) in base 11?
137577
263205 (base 8) to base 9
148808
-1138a2 (base 12) to base 6
-5525522
Convert -55b27 (base 15) to base 4.
-1002202000
-72442a (base 11) to base 15
-17e689
Convert -436206 (base 8) to base 10.
-146566
What is -641a (base 13) in base 15?
-41a6
What is 2117212 (base 9) in base 15?
175de8
What is 7b752 (base 16) in base 13?
149228
1356136 (base 8) to base 6
12122114
Convert 12d57 (base 15) to base 6.
1143314
Convert 220001001111 (base 3) to base 6.
14050321
Convert 333021112 (base 4) to base 15.
51981
What is -47b8d6 (base 14) in base 9?
-4546638
-90c10 (base 14) to base 4
-1110333032
Convert -10000111110011100100 (base 2) to base 14.
-106a0c
Convert -2130122313 (base 4) to base 7.
-5305626
What is -21212011111 (base 3) in base 2?
-100101110000101101
Convert -21048873 (base 9) to base 15.
-d517e9
Convert 10011100011101001 (base 2) to base 5.
10030410
What is 3100121113 (base 4) in base 12?
351b87
Convert -28438 (base 9) to base 4.
-10231301
Convert -141244340 (base 6) to base 16.
-2bc224
31305 (base 14) to base 11
81105
543450 (base 7) to base 6
2011203
What is -502050 (base 6) in base 5?
-2224332
-3051444 (base 6) to base 2
-100011110110010100
28557 (base 12) to base 16
db13
Convert 124904 (base 13) to base 7.
3505043
What is -48d (base 16) in base 13?
-6b8
Convert 81881 (base 11) to base 9.
201845
What is -2519a (base 15) in base 4?
-130323133
What is -3609528 (base 10) in base 7?
-42452256
556526 (base 9) to base 6
11044553
-2134203 (base 6) to base 9
-171253
22100212202002 (base 3) to base 6
235143132
Convert 3007214 (base 9) to base 6.
54141321
What is 5351032 (base 6) in base 4?
1000102130
216749 (base 11) to base 7
2636444
What is -1011487 (base 10) in base 16?
-f6f1f
-142688 (base 12) to base 7
-2600114
Convert -1c17de (base 16) to base 5.
-432403433
What is -40441 (base 10) in base 8?
-116771
14bb5a (base 13) to base 4
1330322112
7223c5 (base 16) to base 8
34421705
Convert -10110101011011 (base 2) to base 16.
-2d5b
What is 10020020010 (base 3) i